 + m. Suppose 0 = -3*f - 3*x + 24, -b = 5*f + 4*x - 52. Let y(z) = z**2 - 3*z + 2. What is y(f)?
6
Let y be 0 + -5 + 2 + -1. Suppose 0 = 9*q - 23*q + 238. Let o(n) = -1 - q*n + 2*n**2 + 17*n - 6*n + n**3. Calculate o(y).
-9
Let k be (2*(-3)/7)/((234/(-42))/13). Let t(p) = 2*p**3 + p**2 - 2*p - 6. Determine t(k).
10
Suppose 190 = 8*x + 198. Let q be (x/3 + (-10)/(-12))*-6. Let r(v) = v + 1. Calculate r(q).
-2
Let f = -20 + 23. Let b(u) = -7*u - 182. Let a(h) = -13*h - 333. Let m(s) = -6*a(s) + 11*b(s). Calculate m(f).
-1
Let w(q) = q**2 + 27*q - 17. Suppose -6*t - 46 - 122 = 0. Determine w(t).
11
Let c(v) be the first derivative of 4*v**3/3 - 5*v**2 + 16*v + 244. Calculate c(5).
66
Suppose 0 = -0*s - 5*s - 3*w - 55, -w - 45 = 5*s. Let t(a) = -a**3 - 8*a**2 + 8. Let m be t(s). Let d(n) = -4*n - 9*n**2 + 1 - 3*n + m*n**2 + 6. What is d(-7)?
7
Let s(d) be the third derivative of d**6/60 + 7*d**5/60 + 10*d**3/3 + 30*d**2 - 35. Determine s(-4).
4
Let w(x) = 2*x - 9. Let t = -1215 - -1225. Give w(t).
11
Let y(i) = -37*i + 77. Let u(k) = 7*k - 18. Let v(g) = 11*u(g) + 2*y(g). Determine v(14).
-2
Let u be (9 - 0) + 2 + -2. Let n(x) = 2676 - 2665 - 17*x + 15*x. What is n(u)?
-7
Let a(t) = -4*t - 43. Let w = 28087 - 28103. Calculate a(w).
21
Let u(l) = 38*l - 2349. Let q be u(62). Let w(m) = -m**3 + 4*m**2 + 19*m + 15. Give w(q).
1
Let a = -1476 - -1485. Let y(s) = -3*s + 18. Give y(a).
-9
Let i(q) = q**3 - 4*q**2 - 15*q + 21. Let d be i(6). Suppose 0 = m + t - 3, -5*m = -d*t + 6*t - 11. Let f(z) = -1 + z + 0 + z - 9*z**2. Determine f(m).
-8
Let b(k) = 5*k**2 + 3. Let o be b(-2). Suppose -4*f - 4*c - 8 = 0, -4*f + 13*c - 12*c = o. Let n(j) = -j**3 - 5*j**2 - 2*j + 2. Determine n(f).
12
Let z(o) = -29 + 102 - 26 - 52 + o**2 - 11*o. Let h be 101/4 - (-4)/(-16). Let j = -14 + h. Give z(j).
-5
Suppose -19*p - 13 = -127. Suppose -2*y - 3*m + 9 = 0, -6*y - 4*m = -4*y - p. Let c(o) = -o + 8. Determine c(y).
-1
Let y(k) = 39 + 28 - 2*k**2 + 47 - 10*k - 117. Determine y(-8).
-51
Let k(x) = -3*x - 74. Let g be 1 - (-2 + 0 + 27). Calculate k(g).
-2
Let k(c) = 7*c - 409. Let j be k(62). Let x(r) = 1 + 18*r - 38*r + 18*r + j*r. Suppose -t + 0*t = -1. Determine x(t).
24
Let v be 10 + -2 - 6*48/36. Let x(z) be the second derivative of -z**5/20 - z**4/12 + z**3/6 - z**2/2 - 18*z. Determine x(v).
-1
Let j(p) = p**3 - 3*p**2 - 2*p + 4. Suppose 0 = -3*m - 15, 0 = q - 2*m - 14 - 1. Suppose 3*h = -q*f - 16, -3*h + 2*f - 3*f + 4 = 0. Calculate j(h).
-2
Let l(k) = 3*k**2 - 5*k. Let a(b) = -2*b**2 + 5*b - 1. Let o(y) = 4*a(y) + 3*l(y). Suppose 160 = 124*z - 156*z. Calculate o(z).
-4
Let z(p) = -p**3 + 5*p**2 - 6*p + 5. Let m(k) = -k**2 - 15*k + 28. Let a be m(-16). Suppose 4 = a*c - 44. Calculate z(c).
-3
Suppose -4*y + 1 = n, 3*y - 3*n = -5 + 17. Let t(q) = 7*q - 3. Let g be t(y). Let l(w) = 3*w**3 + 0*w**3 + 4*w**2 - 4*w**3 - 2*w - 3 + 4. What is l(g)?
-7
Let u(l) = l**3 + 26*l**2 + 34*l + 220. Let f be -75*(426/(-18) + 24). Calculate u(f).
-5
Let m(f) = -6*f**3 + 10*f**2 + 3*f + 11. Let l(z) = -11*z**3 + 20*z**2 + 10*z + 21. Let y(p) = 5*l(p) - 9*m(p). Give y(12).
-6
Let d(t) = -15*t + 21. Let n = -19628 - -19644. Calculate d(n).
-219
Let h(l) = l + 5. Let n(t) = 1. Let s(r) = -1. Let c(g) = -2*n(g) - s(g). Let j(y) = -6*c(y) - h(y). Suppose -d + 6 - 21 = 5*p, 2*p - 16 = 4*d. Determine j(d).
6
Let a(g) = 2*g**2 - 23*g - 29. Let s(d) = d**2 + 3*d. Let t(o) = -a(o) + 4*s(o). Let j(v) = -v**2 - 23*v - 19. Let b(l) = -8*j(l) - 5*t(l). Calculate b(7).
-28
Suppose 2*h - 19 = -3*a, h - 30 + 37 = 4*a. Let c(r) = -r**2 + 6*r. Determine c(a).
9
Suppose -3*i - 1 = 2*f - 2*i, -2*f - 2*i = 0. Let a(t) be the second derivative of -11*t**5/10 + t**4/12 - 45317*t. Give a(f).
23
Let k be 5*(-4)/(-10) + 1. Suppose -2*j - i = k, -3*i = j + 13 + 1. Let o(p) = -11 + 8 - p**2 + 9*p + j. Give o(6).
16
Let t(b) be the second derivative of 2*b**3/3 - b**2/2 - 2*b. Let l be -2*(-1 + (3 - 1)). Let f be -2 - -6 - (3 + (-6)/l). Give t(f).
-9
Let o be (-214)/(-10) + 10/(-25). Let x = -24 + o. Let j be 13/x + 26/78. Let f(k) = -k**3 - 5*k**2 - k + 4. Calculate f(j).
-8
Let d(h) = 2*h**2 - 4*h - 3. Let y(t) = t. Let v be y(5). Let c be (16/36)/(4/18). Suppose -v*k - 6*a + 8 = -2*a, -4*a - 20 = -c*k. Give d(k).
13
Let p(l) = -16*l - 10. Let i(m) = 4*m + 1. Let a(u) = -u. Suppose -6*c = 2*c - 24. Let f(r) = c*i(r) + 6*a(r). Let n(o) = 7*f(o) + 2*p(o). What is n(1)?
11
Suppose 2*c = 3*w - 2, -3*w - c + 14 = 3*c. Let g(p) = -p - 4. Give g(w).
-6
Suppose 5*o - 37 = -4*y, 5*y = 7*y - o - 15. Let z(w) = -w**3 + 9*w**2 - 7*w - 3. Give z(y).
5
Suppose -558 = -18*o - 2016. Let d = o - -155. Let z(m) = 5*m**2 + 78 + 5*m - d - 3*m**2. Determine z(-3).
7
Let m(k) = k**2 + k + 4. Let r = 397 - 391. Let a be 3*6*(-2)/r. Determine m(a).
34
Let h(y) = -2*y + 7. Let r(a) = -12. Let g(p) = 7. Let d(o) = -7*g(o) - 4*r(o). Let j = 0 + -1. Let u(b) = j*h(b) - 4*d(b). What is u(2)?
1
Suppose 0 = 21*j - 35 - 7. Let o(d) = -1586*d + 1 - j*d**3 - 10 + 5*d**2 + d**3 + 1584*d. Give o(4).
-1
Let d(c) = 49*c**2 - 28*c**2 - 274*c + 62*c - 53 - 28*c**2. What is d(-30)?
7
Let q(g) = -8*g - 60. Suppose 0 = 102*z - 104*z + 2*n - 28, 2*z + 4*n = 2. Determine q(z).
12
Let a(o) = -1 - o**2 - 1 - 6*o + 0*o. Let x(j) = -j + 12. Let n be x(-11). Let b = n + -26. Calculate a(b).
7
Let c be 8*(-1 + 0/(-14)). Let a(w) = 33*w + 276. What is a(c)?
12
Let o(i) = -2*i - 2*i + 2*i - 10. Let w be (-952)/161 + 38/(-437). What is o(w)?
2
Suppose -3*q + 12 = -18. Let y(t) = -120 + 2*t - 169 + 282. Determine y(q).
13
Let a be 81/(-45) - 714/(-105). Let u(f) = -5*f**3 + 2*f**2 + 8. Let o(j) = -11*j**3 + 5*j**2 + j + 17. Let z(q) = -6*o(q) + 13*u(q). What is z(a)?
-3
Let n(m) = -9 - 4*m + 3*m + 1 - m**3 + 3*m + 5*m. Let b be n(-3). Let x(r) = 2*r**2 - 2*r + 1. Calculate x(b).
13
Let v(x) be the third derivative of 29*x**4/24 - 2*x**3/3 + 3*x**2 + 7*x + 14. Calculate v(-1).
-33
Let o(c) = 2*c**2 + 12*c + 12. Let j be o(-5). Let i(l) = -l + 5*l - l - 9*l**2 + 2*l**2 - j. Let w be i(1). Let f(n) = n + 5. What is f(w)?
-1
Let a(w) = -3*w**2 - 251*w - 29 + 2*w**2 + 526*w - 262*w. Calculate a(12).
-17
Suppose -7*n + 233 - 219 = 0. Suppose 83 = -5*z - 3*o + 31, 2*z - n*o = -24. Let q(g) = g**2 + 12*g + 16. Give q(z).
5
Suppose 3*m - 14 - 7 = -5*k, 3*m + 4*k - 18 = 0. Let q(s) = 1 - 20*s**m + 25*s**2 + s**3 + 2. What is q(-5)?
3
Let u(o) = -7017*o - 24 + 5 + 7022*o - o**2. Give u(5).
-19
Let p = -3828 + 3825. Let z(h) = -8*h - 1. Give z(p).
23
Let k(p) = -12*p - 10. Let n be k(3). Let b = 125 - 177. Let j = b - n. Let y(u) = -u**2 - 9*u - 8. Give y(j).
10
Let h = -16 - -23. Suppose -3*u + 5*y = 9, 2*u - h = -y - 0. Let v(c) = 0*c - 2*c + 2 + u*c + c. Determine v(5).
7
Let t(l) = 25*l**2 - 95 + 28*l**2 - 52*l**2 + 5*l + 81. Calculate t(-8).
10
Let j(u) be the third derivative of -u**5/60 - 5*u**4/24 + u**3/6 - 34*u**2. Let w = 819 + -824. Give j(w).
1
Let t = 430 - 430. Let u(c) be the second derivative of -17*c - 1/2*c**3 + 3*c**2 + 1/12*c**4 + t. What is u(4)?
10
Let j(s) = s**3 - 6*s**2 + 6*s - 3. Let g be j(5). Let u(d) = 119694*d**2 - 119694*d**2 + 10*d**3 - 12*d**3. Calculate u(g).
-16
Suppose -d = -k + 2, 0*k = -2*k + 4*d + 2. Let s(v) = 4*v - 3 + 1 - k*v + 6 - 3. Calculate s(11).
12
Let r be (-35)/11 - (1690/143 - 12). Let d(c) = -c**3 + 3*c**2 + 5*c - 4. Calculate d(r).
35
Suppose -236 = -5*o - 56. Suppose 2*u + 32 = o. Let m(v) = 0 - 1 + v - 2*v**2 + v**3 + 0 + 0*v**2. Give m(u).
1
Let w(r) = 4*r + 18 - 5*r - 6. Suppose 104*v - 535 = 24*v - 27*v. What is w(v)?
7
Let x(m) = -3*m - 61. Suppose 3*j = -4*p - 56, -3*p + 3*j - 133 = -70. Determine x(p).
-10
Let j(b) be the third derivative of -b**6/120 - b**5/60 - b**3/6 + 62*b**2. Suppose -l = 5*c - 15, 6*l - 4*c + 12 = 2*l. What is j(l)?
-1
Let j(w) = 12 + 7*w**2 - 7*w + 11*w**3 - 5*w**2 - 4*w**3. Let p(y) = 8*y**3 + 2*y**2 - 8*y + 14. Let z(o) = 7*j(o) - 6*p(o). Give z(-3).
-6
Let r(g) be the second derivative of -11*g**3/6 + 5*g**2/2 - 7*g - 8. Let s(k) = -k - 2. Let v(l) = -r(l) - 3*s(l). What is v(1)?
15
Let z(p) = -p**3 - 5*p**2 - 6*p - 7. Let r(n) = 3*n - 24. Suppose 0 = 5*x - 35 - 0. Let g be r(x). Let c be z(g). Let i(t) = t. Determine i(c).
-7
Let m(r) = -r + 22. Suppose -4*x - 84 = -4*k, -k - 3 + 22